{"id":941,"date":"2020-11-17T20:21:31","date_gmt":"2020-11-17T23:21:31","guid":{"rendered":"https:\/\/isss-crr.infd.edu.ar\/sitio\/?page_id=941"},"modified":"2020-11-17T20:21:31","modified_gmt":"2020-11-17T23:21:31","slug":"plan-de-estudio-de-la-carrera-de-trabajo-social","status":"publish","type":"page","link":"https:\/\/isss-crr.infd.edu.ar\/sitio\/plan-de-estudio-de-la-carrera-de-trabajo-social\/","title":{"rendered":"Plan de Estudio de la Carrera de Trabajo Social"},"content":{"rendered":"<h4>Plan de estudios<\/h4>\n<h4 style=\"text-align: left;\">Carga horaria<\/h4>\n<h4 style=\"text-align: center;\">Horas C\u00e1tedra: 4.096<br \/>\nHoras reloj: 2.654<\/h4>\n<h4 style=\"text-align: left;\">DURACI\u00d3N DE LA CARRERA: 4 (cuatro) a\u00f1os<\/h4>\n","protected":false},"excerpt":{"rendered":"<p>Plan de estudios Carga horaria Horas C\u00e1tedra: 4.096 Horas reloj: 2.654 DURACI\u00d3N DE LA CARRERA: 4 (cuatro) a\u00f1os<\/p>\n","protected":false},"author":1426,"featured_media":0,"parent":0,"menu_order":0,"comment_status":"closed","ping_status":"closed","template":"","meta":[],"acf":[],"_links":{"self":[{"href":"https:\/\/isss-crr.infd.edu.ar\/sitio\/wp-json\/wp\/v2\/pages\/941"}],"collection":[{"href":"https:\/\/isss-crr.infd.edu.ar\/sitio\/wp-json\/wp\/v2\/pages"}],"about":[{"href":"https:\/\/isss-crr.infd.edu.ar\/sitio\/wp-json\/wp\/v2\/types\/page"}],"author":[{"embeddable":true,"href":"https:\/\/isss-crr.infd.edu.ar\/sitio\/wp-json\/wp\/v2\/users\/1426"}],"replies":[{"embeddable":true,"href":"https:\/\/isss-crr.infd.edu.ar\/sitio\/wp-json\/wp\/v2\/comments?post=941"}],"version-history":[{"count":1,"href":"https:\/\/isss-crr.infd.edu.ar\/sitio\/wp-json\/wp\/v2\/pages\/941\/revisions"}],"predecessor-version":[{"id":942,"href":"https:\/\/isss-crr.infd.edu.ar\/sitio\/wp-json\/wp\/v2\/pages\/941\/revisions\/942"}],"wp:attachment":[{"href":"https:\/\/isss-crr.infd.edu.ar\/sitio\/wp-json\/wp\/v2\/media?parent=941"}],"curies":[{"name":"wp","href":"https:\/\/api.w.org\/{rel}","templated":true}]}}