{"id":937,"date":"2020-11-17T20:24:57","date_gmt":"2020-11-17T23:24:57","guid":{"rendered":"https:\/\/isss-crr.infd.edu.ar\/sitio\/?page_id=937"},"modified":"2020-11-17T20:24:57","modified_gmt":"2020-11-17T23:24:57","slug":"perfil-del-egresado-de-trabajo-social","status":"publish","type":"page","link":"https:\/\/isss-crr.infd.edu.ar\/sitio\/perfil-del-egresado-de-trabajo-social\/","title":{"rendered":"Perfil del Egresado de Trabajo Social"},"content":{"rendered":"<h4>Perfil del egresado<br \/>\nEl egresado de la carrera ser\u00e1 un profesional:<\/h4>\n<ul>\n<li>Con Fundamentos te\u00f3ricos epistemol\u00f3gicos, \u00e9tico \u2013 pol\u00edtico \u2013 human\u00edsticos y cooperativos que le permitir\u00e1 insertarse profesionalmente en escenarios socio-culturales diversos y complejos desde \u00e1mbitos gubernamentales, no gubernamentales y privados.<\/li>\n<li>Con capacidad de reconstruir la trayectoria Hist\u00f3rico-Social de la profesi\u00f3n, circunscripto en el campo de las Ciencias Sociales.<\/li>\n<li>Capaz de reconocer que la intervenci\u00f3n profesional est\u00e1 ligada preferentemente al abordaje de problem\u00e1ticas Sociales de exclusi\u00f3n pobreza, violencia, discriminaci\u00f3n, desigualdad, hoy amenazados por un proceso de acumulaci\u00f3n capitalista.<\/li>\n<li>Formado para analizar, comprender, proponer e intervenir desde una perspectiva cient\u00edfica con car\u00e1cter cr\u00edtico transformadora.<\/li>\n<li>Que valore y busque el ejercicio de la democracia y derechos humanos.<\/li>\n<li>Que favorezca el ejercicio de una ciudadan\u00eda plena y el respeto por la diversidad.<\/li>\n<li>Capacitado para investigar diferentes tem\u00e1ticas sociales.<\/li>\n<li>Con capacidad para diagnosticar, dise\u00f1ar, ejecutar y evaluar pol\u00edticas sociales.<\/li>\n<li>Capaz de contribuir a la recomposici\u00f3n de la trama social reconociendo el valor protag\u00f3nico de los sujetos sociales implicados y favoreciendo un modelo de inclusi\u00f3n.<\/li>\n<li>Poseer una actitud cr\u00edtica y flexible que le permita reconocer la necesidad de la actualizaci\u00f3n permanente de sus conocimientos y trabajar en equipos interdisciplinarios.<\/li>\n<li>En s\u00edntesis: el egresado de \u00e9ste Instituto se halle formado con fundamentos epistemol\u00f3gicos, cient\u00edficos, metodol\u00f3gicos, que oriente la b\u00fasqueda de respuesta a los diversos y complejos problemas sociales, que se agravan d\u00eda a d\u00eda en nuestra poblaci\u00f3n.<\/li>\n<\/ul>\n","protected":false},"excerpt":{"rendered":"<p>Perfil del egresado El egresado de la carrera ser\u00e1 un profesional: Con Fundamentos te\u00f3ricos epistemol\u00f3gicos, \u00e9tico \u2013 pol\u00edtico \u2013 human\u00edsticos y cooperativos que le permitir\u00e1 insertarse profesionalmente en escenarios socio-culturales diversos y complejos desde \u00e1mbitos gubernamentales, no gubernamentales y privados. Con capacidad de reconstruir la trayectoria Hist\u00f3rico-Social de la profesi\u00f3n, circunscripto en el campo de &#8230; <a title=\"Perfil del Egresado de Trabajo Social\" class=\"read-more\" href=\"https:\/\/isss-crr.infd.edu.ar\/sitio\/perfil-del-egresado-de-trabajo-social\/\" aria-label=\"More on Perfil del Egresado de Trabajo Social\">[+]<\/a><\/p>\n","protected":false},"author":1426,"featured_media":0,"parent":0,"menu_order":0,"comment_status":"closed","ping_status":"closed","template":"","meta":[],"acf":[],"_links":{"self":[{"href":"https:\/\/isss-crr.infd.edu.ar\/sitio\/wp-json\/wp\/v2\/pages\/937"}],"collection":[{"href":"https:\/\/isss-crr.infd.edu.ar\/sitio\/wp-json\/wp\/v2\/pages"}],"about":[{"href":"https:\/\/isss-crr.infd.edu.ar\/sitio\/wp-json\/wp\/v2\/types\/page"}],"author":[{"embeddable":true,"href":"https:\/\/isss-crr.infd.edu.ar\/sitio\/wp-json\/wp\/v2\/users\/1426"}],"replies":[{"embeddable":true,"href":"https:\/\/isss-crr.infd.edu.ar\/sitio\/wp-json\/wp\/v2\/comments?post=937"}],"version-history":[{"count":1,"href":"https:\/\/isss-crr.infd.edu.ar\/sitio\/wp-json\/wp\/v2\/pages\/937\/revisions"}],"predecessor-version":[{"id":938,"href":"https:\/\/isss-crr.infd.edu.ar\/sitio\/wp-json\/wp\/v2\/pages\/937\/revisions\/938"}],"wp:attachment":[{"href":"https:\/\/isss-crr.infd.edu.ar\/sitio\/wp-json\/wp\/v2\/media?parent=937"}],"curies":[{"name":"wp","href":"https:\/\/api.w.org\/{rel}","templated":true}]}}