{"id":853,"date":"2020-09-01T15:01:25","date_gmt":"2020-09-01T18:01:25","guid":{"rendered":"https:\/\/isss-crr.infd.edu.ar\/sitio\/?page_id=853"},"modified":"2024-11-17T00:02:28","modified_gmt":"2024-11-17T03:02:28","slug":"radio-online-isss","status":"publish","type":"page","link":"https:\/\/isss-crr.infd.edu.ar\/sitio\/nuestras-producciones\/radio-online-isss\/","title":{"rendered":"Producciones sonoras"},"content":{"rendered":"<h4>Producciones Sonoras<\/h4>\n<p>Este es un espacio donde se compartiremos producciones sonoras de diferentes tem\u00e1ticas, realizados por alumnos de las distintas carreras del ISSS \u201cRemedios de Escalada de San Mart\u00edn\u201d, bajo la coordinaci\u00f3n de sus docentes\u00a0 y el departamento de prensa institucional. A trav\u00e9s de este medio se establece otra menara de comunicar y compartir con el p\u00fablico \u00a0contenidos que reflejen el pensamiento cr\u00edtico \u00a0y formaci\u00f3n de los futuros profesionales.<\/p>\n<p>________________________________________________________________________________<\/p>\n<h4>Voces del ISSS<\/h4>\n<p>Voces del ISSS, es un programa de radio institucional, que surge de un proyecto interc\u00e1tedra entre las materias: Taller de Comunicaci\u00f3n Audiovisual I, Pr\u00e1ctica I y III, Gesti\u00f3n, Producci\u00f3n y Administraci\u00f3n de Proyectos Comunicacionales y Medios de la carrera Tecnicatura Superior en Comunicaci\u00f3n Social; con el f\u00edn que los estudiantes logren apropiarse de los contenidos mencionados en esos espacios curriculares. Asimismo, busca fortalecer la comunicaci\u00f3n del instituto y enriquecer los v\u00ednculos interinstitucionales generando un espacio de reflexi\u00f3n y acci\u00f3n sobre temas y problem\u00e1ticas del contexto local que se abordaron desde las diferentes carreras.<br \/>\nLa conducci\u00f3n de los programas fueron realizados por alumnos de primer a\u00f1o de la carrera: Luciano Navarro, Deborah Brunel. La Direcci\u00f3n y Producci\u00f3n de los programas estuvieron a cargo de las profesoras: Ana Mar\u00eda Escobar y Cecilia Mor\u00ednigo Rivarola.<\/p>\n<p><a href=\"https:\/\/drive.google.com\/file\/d\/1PaBEg_T2s6lXCWBNKpXf4zkRuWD3w88C\/view?usp=sharing\">Programa 1 Voces del ISSS<\/a><\/p>\n<p><a href=\"https:\/\/drive.google.com\/file\/d\/1TGbHghonbvZbU6Qfvwclj13Toz7kgjrb\/view?usp=sharing\">Programa 2 Voces del ISSS<\/a><\/p>\n<p><a href=\"https:\/\/soundcloud.com\/user-462969032\/3er-programa-voces-del-isss-2020\">Programa 3 Voces del ISSS<\/a><\/p>\n<p>________________________________________________________________________________<\/p>\n<h4>Todo Cambia<\/h4>\n<p>Ciclo radial realizado por estudiante de tercer a\u00f1o de la Carrera de Comunicaci\u00f3n Social en el marco de las materias Pr\u00e1ctica Profesional III, Taller de comunicaci\u00f3n para el Desarrollo y Gesti\u00f3n, Producci\u00f3n y Administraci\u00f3n de Proyectos Comunicacionales y Medios de Comunicaci\u00f3n, emitidos a trav\u00e9s de la Radio Educativa Comunitaria Cirilo Romero.<\/p>\n<p><a href=\"https:\/\/drive.google.com\/file\/d\/1S3F3zizT_qDQHBN1xrTHmaXunGAJHK3B\/view?usp=sharing\">Emprendedores<\/a><\/p>\n<p><a href=\"https:\/\/drive.google.com\/file\/d\/1SWbO-DzS--s1DEXPQw_lYf1cV494zuMI\/view?usp=sharing\">Festividades culturales correntinas<\/a><\/p>\n<p><a href=\"https:\/\/drive.google.com\/file\/d\/1SB2FWLPCvQZCxjdFXWH802yeY4GOF7UT\/view?usp=sharing\">Medio ambiente\u00a0<\/a><\/p>\n<p><a href=\"https:\/\/drive.google.com\/file\/d\/1Sg_3WmZWPn4pE2QU39EszE9l8VGkyzZn\/view?usp=sharing\">Esteros del Iber\u00e1 parte I<\/a><\/p>\n<p><a href=\"https:\/\/drive.google.com\/file\/d\/1SWsYk3JoOo1kXElgW4IZJoYfvxWBcCPN\/view?usp=sharing\">Esteros del Iber\u00e1 parte II<\/a><\/p>\n<p><a href=\"https:\/\/drive.google.com\/file\/d\/1SuMSouRA2j8HyrbyV8E8khZvPM9TTFiv\/view?usp=sharing\">Cultura guaran\u00ed parte I<\/a><\/p>\n<p><a href=\"https:\/\/drive.google.com\/file\/d\/1SkYefaFJu_hNW-ETYYSVLLOKIV1z1hVE\/view?usp=sharing\">Cultura guaran\u00ed parte II<\/a><\/p>\n<p><a href=\"https:\/\/drive.google.com\/file\/d\/1fgqoAd2wIV1Yeh6mJnRruZNxeVUyRi-C\/view?usp=sharing\">Mitos y leyendas del Litoral<\/a><\/p>\n<p><a href=\"https:\/\/drive.google.com\/file\/d\/1SxA3BPLAUpKm3uGMrumH6O6HXUlUcpwk\/view?usp=sharing\">Las tics y consejos para el cuidado de la salud<\/a><\/p>\n<p><a href=\"https:\/\/drive.google.com\/file\/d\/1tPDt2eoWyjU6daM5jYGfafRItKeTIPT_\/view?usp=sharing\">Compost<\/a><\/p>\n<p><a href=\"https:\/\/drive.google.com\/file\/d\/1apVLwVi431xi5RXUkvYrzbjTzzvim3k8\/view?usp=sharing\">Seguridad Vial<\/a><\/p>\n<p><a href=\"https:\/\/drive.google.com\/file\/d\/1UwUwv9hcovXRazMY7kEnaaq6stK-p_cX\/view?usp=sharing\">Seguridad en las redes<\/a><\/p>\n<p><a href=\"https:\/\/drive.google.com\/file\/d\/1aaFldKgJLpABVQMk0mJJ8pOwh9bvzHk9\/view?usp=sharing\">Cuidados de las voz<\/a><\/p>\n<p><a href=\"https:\/\/soundcloud.com\/user-462969032\/programanutricion\">Nutrici\u00f3n<\/a><\/p>\n<p>________________________________________________________________________________<\/p>\n<h4>Spots de concientizaci\u00f3n<\/h4>\n<p>Campa\u00f1as de reflexi\u00f3n realizados por las alumnas Luzmila Sandoval y Mercedes Encinas, en el marco de la materia\u00a0Pr\u00e1ctica Profesional III: Pasant\u00eda (2020) <span style=\"font-weight: 400;\">de la T.S en Comunicaci\u00f3n Social,\u00a0<\/span>a cargo de la profesora Silvana Siviero<\/p>\n<p><a href=\"https:\/\/drive.google.com\/file\/d\/1HOW9I_qCAMVACJpp7u5TkgHrPj29kCI-\/view?usp=sharing\">Alimentaci\u00f3n saludable<\/a><\/p>\n<p><a href=\"https:\/\/drive.google.com\/file\/d\/1C7pdS3ha0g7nMrqc-PQW-eXfs2Vqg7YE\/view?usp=sharing\">Cuidados del agua<\/a><\/p>\n<p><a href=\"https:\/\/drive.google.com\/file\/d\/1LvUGV2Es0SDysOOFtIa1benXM0LM5KE6\/view?usp=sharing\">Derechos del ni\u00f1o<\/a><\/p>\n<p><a href=\"https:\/\/drive.google.com\/file\/d\/1T8mqVILHo8CaeSZLjpl82Zv5UANOqJXI\/view?usp=sharing\">Educaci\u00f3n vial para ni\u00f1os<\/a><\/p>\n<p><a href=\"https:\/\/drive.google.com\/file\/d\/1Jj69x7Kb2crt7N7lEeGMzutKpno9ec0K\/view?usp=sharing\">ESI<\/a><\/p>\n<p><a href=\"https:\/\/drive.google.com\/file\/d\/1OhPPT1IIXoRkOM5XdaTNyxGmoWt56khD\/view?usp=sharing\">Corrientes incluye<\/a><\/p>\n<p><a href=\"https:\/\/drive.google.com\/file\/d\/1zhHwTH_QQ1aphRvWVWNL5eIZQ4g6dwYm\/view?usp=sharing\">Corrientes incluye micro programa<\/a><\/p>\n<p>________________________________________________________________________________<\/p>\n<h4><a href=\"https:\/\/soundcloud.com\/user-462969032\/capsula-para-fomentar-la-lectura-y-el-centro-de-documentacion-del-isss\">Capsula: La importancia de la lectura<\/a><\/h4>\n<p>C\u00e1psula realizada por alumnos de Paractica profesional I (2020) de la T. S en Comunicaci\u00f3n Social para fomentar la lectura y el Centro de Documentaci\u00f3n del ISSS.<\/p>\n<p>________________________________________________________________________________<\/p>\n<h4><a href=\"https:\/\/drive.google.com\/file\/d\/1BmSUm3rTU4RyYuVRSfzn1L-AqjwVF0lc\/view?usp=sharing\"><b>Podcast: \u201cViejos son los Trapos\u201d<\/b><\/a><\/h4>\n<p><span style=\"font-weight: 400;\">La producci\u00f3n busca generar un espacio de reflexi\u00f3n en relaci\u00f3n a los adultos mayores, a trav\u00e9s de recursos literarios como la poes\u00eda\u00a0 que permiten establecer una conexi\u00f3n especial y un v\u00ednculo personal con la audiencia.<\/span><\/p>\n<p><span style=\"font-weight: 400;\">Realizado por Roc\u00edo Albarrac\u00edn y Sof\u00eda Rodas en el marco de sus pr\u00e1cticas en el Hospital Geri\u00e1trico de Agudos Juana F. Cabral durante el cursado de la materia Practica III: Pasant\u00eda\u00a0 (a\u00f1o 2019) de la T.S en Comunicaci\u00f3n Social a cargo de la Profesora, Silvana Siviero.\u00a0\u00a0<\/span><\/p>\n<p><span style=\"font-weight: 400;\">Duraci\u00f3n 8 minutos<\/span><\/p>\n<p>________________________________________________________________________________<\/p>\n<p><a href=\"https:\/\/drive.google.com\/file\/d\/1aafRsP1Zd4Nb5dGutl0X8ghhIa1KUCQk\/view?usp=sharing\"><b>Podcast: \u201cLa Muni en c\u00e1psula\u201d <\/b><\/a><\/p>\n<p><span style=\"font-weight: 400;\">la producci\u00f3n realiza un recorrido por la historia de Corrientes y su oferta tur\u00edstica.<\/span><\/p>\n<p><span style=\"font-weight: 400;\">Realizado por Malvina Flores en el marco de sus pr\u00e1cticas en la Municipalidad de la ciudad de Corrientes durante el cursado de la materia Pr\u00e1ctica III: Pasant\u00eda (a\u00f1o 2019) de la T.S en Comunicaci\u00f3n Social a cargo de la Profesora, Silvana Siviero.\u00a0\u00a0<\/span><\/p>\n<p><span style=\"font-weight: 400;\">Duraci\u00f3n 15 minutos<\/span><\/p>\n<p>________________________________________________________________________________<\/p>\n<p><a href=\"https:\/\/drive.google.com\/file\/d\/1cnuezZgSKBixOaubWTSryv-e1R9pToZo\/view?usp=sharing\"><b>Podcast \u00abTiempo real\u00bb<\/b><\/a><\/p>\n<p><span style=\"font-weight: 400;\">La producci\u00f3n busca a trav\u00e9s de una entrevista a Franco Perroni que las nuevas generaciones sigan manteniendo viva la cultura chamamecera de Corrientes, conociendo a sus artistas y la pasi\u00f3n que tienen por el folklore que lo llevan en la sangre, ya que son conscientes de sus ra\u00edces y donde pertenecen. Adem\u00e1s, se piensa generar una concientizaci\u00f3n o reflexi\u00f3n que invite a los j\u00f3venes a pensar sobre lo que significa el chamam\u00e9 en nuestra tierra y que hay artistas de corta edad que siguen manteniendo vivo este tipo de m\u00fasica.<\/span><\/p>\n<p><span style=\"font-weight: 400;\">Realizado por Gauna Iv\u00e1n, Rodr\u00edguez Marianela y Salas Micaela en el marco de sus pr\u00e1cticas en la \u00abFundaci\u00f3n Mario Bofill\u00bb durante el cursado de la materia Pr\u00e1ctica Profesional III: Pasant\u00eda (a\u00f1o 2018) de la Tecnicatura Superior en Comunicaci\u00f3n Social Orientada al Desarrollo Local, a cargo de la profesora Silvana Siviero.<\/span><\/p>\n<p><span style=\"font-weight: 400;\">Duraci\u00f3n 14 minutos<\/span><\/p>\n","protected":false},"excerpt":{"rendered":"<p>Producciones Sonoras Este es un espacio donde se compartiremos producciones sonoras de diferentes tem\u00e1ticas, realizados por alumnos de las distintas carreras del ISSS \u201cRemedios de Escalada de San Mart\u00edn\u201d, bajo la coordinaci\u00f3n de sus docentes\u00a0 y el departamento de prensa institucional. A trav\u00e9s de este medio se establece otra menara de comunicar y compartir con &#8230; <a title=\"Producciones sonoras\" class=\"read-more\" href=\"https:\/\/isss-crr.infd.edu.ar\/sitio\/nuestras-producciones\/radio-online-isss\/\" aria-label=\"More on Producciones sonoras\">[+]<\/a><\/p>\n","protected":false},"author":1426,"featured_media":1138,"parent":1077,"menu_order":0,"comment_status":"closed","ping_status":"closed","template":"","meta":[],"acf":[],"_links":{"self":[{"href":"https:\/\/isss-crr.infd.edu.ar\/sitio\/wp-json\/wp\/v2\/pages\/853"}],"collection":[{"href":"https:\/\/isss-crr.infd.edu.ar\/sitio\/wp-json\/wp\/v2\/pages"}],"about":[{"href":"https:\/\/isss-crr.infd.edu.ar\/sitio\/wp-json\/wp\/v2\/types\/page"}],"author":[{"embeddable":true,"href":"https:\/\/isss-crr.infd.edu.ar\/sitio\/wp-json\/wp\/v2\/users\/1426"}],"replies":[{"embeddable":true,"href":"https:\/\/isss-crr.infd.edu.ar\/sitio\/wp-json\/wp\/v2\/comments?post=853"}],"version-history":[{"count":17,"href":"https:\/\/isss-crr.infd.edu.ar\/sitio\/wp-json\/wp\/v2\/pages\/853\/revisions"}],"predecessor-version":[{"id":1465,"href":"https:\/\/isss-crr.infd.edu.ar\/sitio\/wp-json\/wp\/v2\/pages\/853\/revisions\/1465"}],"up":[{"embeddable":true,"href":"https:\/\/isss-crr.infd.edu.ar\/sitio\/wp-json\/wp\/v2\/pages\/1077"}],"wp:featuredmedia":[{"embeddable":true,"href":"https:\/\/isss-crr.infd.edu.ar\/sitio\/wp-json\/wp\/v2\/media\/1138"}],"wp:attachment":[{"href":"https:\/\/isss-crr.infd.edu.ar\/sitio\/wp-json\/wp\/v2\/media?parent=853"}],"curies":[{"name":"wp","href":"https:\/\/api.w.org\/{rel}","templated":true}]}}