{"id":685,"date":"2018-07-25T15:06:42","date_gmt":"2018-07-25T18:06:42","guid":{"rendered":"https:\/\/isss-crr.infd.edu.ar\/sitio\/?page_id=685"},"modified":"2024-09-05T14:04:23","modified_gmt":"2024-09-05T17:04:23","slug":"autoridades","status":"publish","type":"page","link":"https:\/\/isss-crr.infd.edu.ar\/sitio\/institucional\/autoridades\/","title":{"rendered":"Autoridades"},"content":{"rendered":"<h4 style=\"text-align: center;\">Rector<\/h4>\n<p style=\"text-align: center;\">Prof. Cesar Daniel Castillo<\/p>\n<p style=\"text-align: center;\"><strong>Vice Rectora<\/strong><\/p>\n<p style=\"text-align: center;\">\u00a0Mg. Martha Esp\u00edndola<\/p>\n<hr \/>\n<p style=\"text-align: center;\"><strong>COORDINACIONES<\/strong><\/p>\n<p style=\"text-align: center;\"><strong>Trabajo Social<\/strong><\/p>\n<p style=\"text-align: center;\">Lic. Dar\u00edo Gonzalez<\/p>\n<p style=\"text-align: center;\"><strong>Tecnicatura Superior en Enfermer\u00eda<\/strong><\/p>\n<p style=\"text-align: center;\">Lic. Marta Saucedo<\/p>\n<p style=\"text-align: center;\"><strong>Tecnicatura Superior en\u00a0<\/strong><strong>Comunicaci\u00f3n<\/strong><strong>\u00a0Social<\/strong><\/p>\n<p style=\"text-align: center;\">Lic. Ana Mar\u00eda Escobar<\/p>\n<p style=\"text-align: center;\"><strong>Tecnicatura Superior en Educaci\u00f3n y Seguridad Vial:<\/strong><\/p>\n<p style=\"text-align: center;\">&#8230;&#8230;..<\/p>\n<p style=\"text-align: center;\"><strong>Formaci\u00f3n Inicial<\/strong><\/p>\n<p style=\"text-align: center;\">Prof. Silvia Beviglia<\/p>\n<p style=\"text-align: center;\"><strong>\u00a0Investigaci\u00f3n<\/strong><\/p>\n<p style=\"text-align: center;\">Lic. Patricia Bord\u00f3n<\/p>\n<p style=\"text-align: center;\"><strong>Formaci\u00f3n T\u00e9cnica<\/strong><\/p>\n<p style=\"text-align: center;\">Lic. Luis Ver\u00f3n<\/p>\n","protected":false},"excerpt":{"rendered":"<p>Rector Prof. Cesar Daniel Castillo Vice Rectora \u00a0Mg. Martha Esp\u00edndola COORDINACIONES Trabajo Social Lic. Dar\u00edo Gonzalez Tecnicatura Superior en Enfermer\u00eda Lic. Marta Saucedo Tecnicatura Superior en\u00a0Comunicaci\u00f3n\u00a0Social Lic. Ana Mar\u00eda Escobar Tecnicatura Superior en Educaci\u00f3n y Seguridad Vial: &#8230;&#8230;.. Formaci\u00f3n Inicial Prof. Silvia Beviglia \u00a0Investigaci\u00f3n Lic. Patricia Bord\u00f3n Formaci\u00f3n T\u00e9cnica Lic. Luis Ver\u00f3n<\/p>\n","protected":false},"author":6,"featured_media":0,"parent":683,"menu_order":0,"comment_status":"closed","ping_status":"closed","template":"","meta":[],"acf":[],"_links":{"self":[{"href":"https:\/\/isss-crr.infd.edu.ar\/sitio\/wp-json\/wp\/v2\/pages\/685"}],"collection":[{"href":"https:\/\/isss-crr.infd.edu.ar\/sitio\/wp-json\/wp\/v2\/pages"}],"about":[{"href":"https:\/\/isss-crr.infd.edu.ar\/sitio\/wp-json\/wp\/v2\/types\/page"}],"author":[{"embeddable":true,"href":"https:\/\/isss-crr.infd.edu.ar\/sitio\/wp-json\/wp\/v2\/users\/6"}],"replies":[{"embeddable":true,"href":"https:\/\/isss-crr.infd.edu.ar\/sitio\/wp-json\/wp\/v2\/comments?post=685"}],"version-history":[{"count":12,"href":"https:\/\/isss-crr.infd.edu.ar\/sitio\/wp-json\/wp\/v2\/pages\/685\/revisions"}],"predecessor-version":[{"id":1385,"href":"https:\/\/isss-crr.infd.edu.ar\/sitio\/wp-json\/wp\/v2\/pages\/685\/revisions\/1385"}],"up":[{"embeddable":true,"href":"https:\/\/isss-crr.infd.edu.ar\/sitio\/wp-json\/wp\/v2\/pages\/683"}],"wp:attachment":[{"href":"https:\/\/isss-crr.infd.edu.ar\/sitio\/wp-json\/wp\/v2\/media?parent=685"}],"curies":[{"name":"wp","href":"https:\/\/api.w.org\/{rel}","templated":true}]}}