{"id":1028,"date":"2020-10-27T12:34:10","date_gmt":"2020-10-27T15:34:10","guid":{"rendered":"https:\/\/isss-crr.infd.edu.ar\/sitio\/?page_id=1028"},"modified":"2020-10-27T12:34:10","modified_gmt":"2020-10-27T15:34:10","slug":"perfil-del-egresado-de-la-carrera-de-enfermeria","status":"publish","type":"page","link":"https:\/\/isss-crr.infd.edu.ar\/sitio\/perfil-del-egresado-de-la-carrera-de-enfermeria\/","title":{"rendered":"Perfil del Egresado de la carrera de Enfermer\u00eda"},"content":{"rendered":"<h4>Perfil del egresado<\/h4>\n<p>El \u00e1rea ocupacional del enfermero\/a es el Sector Salud, espec\u00edficamente en las siguientes Instituciones:<\/p>\n<p>\u2022 Hospitales, cl\u00ednicas, sanatorios.<\/p>\n<p>\u2022 Comunidad. Centros de salud y \u00e1reas program\u00e1ticas.<\/p>\n<p>Domicilios.<\/p>\n<p>\u2022 Empresas. ONGs.<\/p>\n<p>\u2022 Instituciones educativas.<\/p>\n<p>\u2022 Comit\u00e9s y grupos de \u00e9tica profesional, Infecciones, Investigaci\u00f3n.<\/p>\n<p>-Competencias en general<br \/>\nLa Enfermera\/ el Enfermero est\u00e1 capacitado para: el ejercicio profesional en relaci\u00f3n de dependencia y en forma libre, desarrollando, brindando y gestionando los cuidados de enfermer\u00eda aut\u00f3nomos e interdependientes para la promoci\u00f3n, prevenci\u00f3n, recuperaci\u00f3n y rehabilitaci\u00f3n de la persona, la familia, grupo y III-PERFIL PROFESIONAL 38 comunidad hasta el nivel de complejidad de cuidados intermedios, en los \u00e1mbitos comunitario y hospitalario; gestionando su \u00e1mbito de trabajo y participando en estudios de investigaci\u00f3n- acci\u00f3n.<\/p>\n<p>&nbsp;<\/p>\n","protected":false},"excerpt":{"rendered":"<p>Perfil del egresado El \u00e1rea ocupacional del enfermero\/a es el Sector Salud, espec\u00edficamente en las siguientes Instituciones: \u2022 Hospitales, cl\u00ednicas, sanatorios. \u2022 Comunidad. Centros de salud y \u00e1reas program\u00e1ticas. Domicilios. \u2022 Empresas. ONGs. \u2022 Instituciones educativas. \u2022 Comit\u00e9s y grupos de \u00e9tica profesional, Infecciones, Investigaci\u00f3n. -Competencias en general La Enfermera\/ el Enfermero est\u00e1 capacitado para: &#8230; <a title=\"Perfil del Egresado de la carrera de Enfermer\u00eda\" class=\"read-more\" href=\"https:\/\/isss-crr.infd.edu.ar\/sitio\/perfil-del-egresado-de-la-carrera-de-enfermeria\/\" aria-label=\"More on Perfil del Egresado de la carrera de Enfermer\u00eda\">[+]<\/a><\/p>\n","protected":false},"author":1426,"featured_media":0,"parent":0,"menu_order":0,"comment_status":"closed","ping_status":"closed","template":"","meta":[],"acf":[],"_links":{"self":[{"href":"https:\/\/isss-crr.infd.edu.ar\/sitio\/wp-json\/wp\/v2\/pages\/1028"}],"collection":[{"href":"https:\/\/isss-crr.infd.edu.ar\/sitio\/wp-json\/wp\/v2\/pages"}],"about":[{"href":"https:\/\/isss-crr.infd.edu.ar\/sitio\/wp-json\/wp\/v2\/types\/page"}],"author":[{"embeddable":true,"href":"https:\/\/isss-crr.infd.edu.ar\/sitio\/wp-json\/wp\/v2\/users\/1426"}],"replies":[{"embeddable":true,"href":"https:\/\/isss-crr.infd.edu.ar\/sitio\/wp-json\/wp\/v2\/comments?post=1028"}],"version-history":[{"count":1,"href":"https:\/\/isss-crr.infd.edu.ar\/sitio\/wp-json\/wp\/v2\/pages\/1028\/revisions"}],"predecessor-version":[{"id":1029,"href":"https:\/\/isss-crr.infd.edu.ar\/sitio\/wp-json\/wp\/v2\/pages\/1028\/revisions\/1029"}],"wp:attachment":[{"href":"https:\/\/isss-crr.infd.edu.ar\/sitio\/wp-json\/wp\/v2\/media?parent=1028"}],"curies":[{"name":"wp","href":"https:\/\/api.w.org\/{rel}","templated":true}]}}